{"id":623,"date":"2022-03-10T10:27:47","date_gmt":"2022-03-10T10:27:47","guid":{"rendered":"http:\/\/turunkuvataidekoulu.fi\/v5\/?page_id=623"},"modified":"2026-03-18T12:07:51","modified_gmt":"2026-03-18T12:07:51","slug":"henkilokunta","status":"publish","type":"page","link":"https:\/\/turunkuvataidekoulu.fi\/v5\/miksi-meidan-kuvataidekoulu\/henkilokunta\/","title":{"rendered":"Opettajat"},"content":{"rendered":"\n<p class=\"has-text-align-left has-black-color has-text-color\">Turun Kuvataidekoulun syd\u00e4n on oppilaiden lis\u00e4ksi sen opettajissa. He ovat omistautuneita ammattilaisia, jotka ovat olleet koulun toiminnassa mukana jo l\u00e4hes vuosikymmenen. Kuvataidekoulun opettajat ovat korkeasti koulutettuja taiteen ja pedagogiikan asiantuntijoita, joilla on vahva ammatti-identiteetti ja syv\u00e4 ymm\u00e4rrys lapsen ja nuoren kasvusta taiteen kautta. Heid\u00e4n osaamisensa on monipuolista, sek\u00e4 toisiaan t\u00e4ydent\u00e4v\u00e4\u00e4 ja jokainen tuo yhteiseen ty\u00f6h\u00f6n oman n\u00e4k\u00f6kulmansa ja vahvuutensa.<\/p>\n\n\n\n<p class=\"has-text-align-left has-very-dark-gray-color has-text-color\">Meid\u00e4n ty\u00f6yhteis\u00f6ss\u00e4 arvostetaan toisten auttamista ja innostamista ja uskomme, ett\u00e4 hyv\u00e4 ty\u00f6ilmapiirimme n\u00e4kyy my\u00f6s ty\u00f6n laadussa. Meille on t\u00e4rke\u00e4\u00e4 pit\u00e4\u00e4 huolta henkil\u00f6kunnastamme ja j\u00e4rjest\u00e4mmekin vuosittain koulutuksia eri aihealueista sek\u00e4 lukukausien p\u00e4\u00e4tteeksi henkil\u00f6kunnan virkistysp\u00e4ivi\u00e4. Olemme ylpeit\u00e4 ja kiitollisia opettajien ty\u00f6panoksesta!<\/p>\n\n\n\n<p><\/p>\n\n\n\n<p class=\"has-very-dark-gray-color has-text-color\"><strong>Henkil\u00f6kunnan esittely:<\/strong><\/p>\n\n\n\n<figure class=\"wp-block-image size-large\"><img loading=\"lazy\" decoding=\"async\" width=\"750\" height=\"929\" src=\"http:\/\/turunkuvataidekoulu.fi\/v5\/wp-content\/uploads\/2022\/03\/29CF3BAC-9F69-463D-AF50-6E838BAC394F.jpeg\" alt=\"\" class=\"wp-image-627\" srcset=\"https:\/\/turunkuvataidekoulu.fi\/v5\/wp-content\/uploads\/2022\/03\/29CF3BAC-9F69-463D-AF50-6E838BAC394F.jpeg 750w, https:\/\/turunkuvataidekoulu.fi\/v5\/wp-content\/uploads\/2022\/03\/29CF3BAC-9F69-463D-AF50-6E838BAC394F-242x300.jpeg 242w\" sizes=\"auto, (max-width: 750px) 100vw, 750px\" \/><\/figure>\n\n\n\n<p class=\"has-text-align-center has-very-dark-gray-color has-text-color\" style=\"font-size:15px\"><strong>Kerttu Pennanen<\/strong><\/p>\n\n\n\n<p class=\"has-text-align-center has-very-dark-gray-color has-text-color\" style=\"font-size:15px\"><br>Aloittanut Kuvataidekoululla vuonna 2017<\/p>\n\n\n\n<p class=\"has-text-align-center has-very-dark-gray-color has-text-color\" style=\"font-size:15px\"><br>Kerttu on suorittanut keramiikka-alan perusopinnot ja opiskelee Lapin yliopistossa kuvataidekasvatusta, jossa h\u00e4n on suorittanut valokuvauksen sivuaineopintoja. Kerttu on kartoittanut kokemusta eri kouluissa ja yliopistossa tuntiopettajana. Kertulla on monia vahvuuksia, mutta eritoten savit\u00f6ihin liittyviss\u00e4 kysymyksiss\u00e4 turvaudumme aina Kertun ammattitaitoon. Kerttu on t\u00e4ss\u00e4 korvaamaton apu! Kerttu on my\u00f6s taitava grafiikassa ja h\u00e4n onkin toteuttanut omakuvansa osittain grafiikan menetelmin. <\/p>\n\n\n\n<figure class=\"wp-block-image size-large\"><img loading=\"lazy\" decoding=\"async\" width=\"750\" height=\"936\" src=\"http:\/\/turunkuvataidekoulu.fi\/v5\/wp-content\/uploads\/2022\/03\/D5FDF5B9-14C3-48C9-8BF1-D15A1C86ACBD.jpeg\" alt=\"\" class=\"wp-image-625\" srcset=\"https:\/\/turunkuvataidekoulu.fi\/v5\/wp-content\/uploads\/2022\/03\/D5FDF5B9-14C3-48C9-8BF1-D15A1C86ACBD.jpeg 750w, https:\/\/turunkuvataidekoulu.fi\/v5\/wp-content\/uploads\/2022\/03\/D5FDF5B9-14C3-48C9-8BF1-D15A1C86ACBD-240x300.jpeg 240w\" sizes=\"auto, (max-width: 750px) 100vw, 750px\" \/><\/figure>\n\n\n\n<p class=\"has-text-align-center has-very-dark-gray-color has-text-color\" style=\"font-size:15px\"><strong>Tiia Salmelin<\/strong><\/p>\n\n\n\n<p class=\"has-text-align-center has-very-dark-gray-color has-text-color\" style=\"font-size:15px\"><br>Aloittanut Kuvataidekoululla vuonna 2017<\/p>\n\n\n\n<p class=\"has-text-align-center has-very-dark-gray-color has-text-color\" style=\"font-size:15px\"><br>Tiia on valmistunut vuonna 2017 Lapin yliopistosta kuvataidekasvattajaksi. Kokemusta opettamisesta h\u00e4n on saanut vuosien mittaan sijaistamalla eri ala- ja yl\u00e4kouluissa. H\u00e4n on aikoinaan itsekin ollut koulullamme oppilaana ja nyt iloksemme on palannut takaisin! Tiia hallitsee kaikki tekniikat ja yksi ehdoton vahvuus piirt\u00e4minen. H\u00e4nell\u00e4 on vahva osaaminen sarjakuvataiteeseen ja tekee toimii my\u00f6s itse aktiivisesti taidekent\u00e4ll\u00e4 tehden omaa sarjakuvaa ja j\u00e4rjest\u00e4en n\u00e4yttelyit\u00e4. H\u00e4nen kolme sarjakuvaansa ovat olleet Finlandia palkinto -ehdokkaana! Sarjakuvaryhm\u00e4l\u00e4iset saavat siis nauttia asiantuntevasta ohjauksesta.<\/p>\n\n\n\n<figure class=\"wp-block-image size-large\"><img loading=\"lazy\" decoding=\"async\" width=\"750\" height=\"854\" src=\"http:\/\/turunkuvataidekoulu.fi\/v5\/wp-content\/uploads\/2022\/03\/41BDE63A-7338-41E9-803F-5E980FE04BCC.jpeg\" alt=\"\" class=\"wp-image-624\" srcset=\"https:\/\/turunkuvataidekoulu.fi\/v5\/wp-content\/uploads\/2022\/03\/41BDE63A-7338-41E9-803F-5E980FE04BCC.jpeg 750w, https:\/\/turunkuvataidekoulu.fi\/v5\/wp-content\/uploads\/2022\/03\/41BDE63A-7338-41E9-803F-5E980FE04BCC-263x300.jpeg 263w\" sizes=\"auto, (max-width: 750px) 100vw, 750px\" \/><\/figure>\n\n\n\n<p class=\"has-text-align-center has-very-dark-gray-color has-text-color\" style=\"font-size:15px\"><strong>Meri-Pauliina Sund\u00e9n <\/strong> <\/p>\n\n\n\n<p class=\"has-text-align-center has-very-dark-gray-color has-text-color\" style=\"font-size:15px\">                                                                                                                                                             Aloittanut Kuvataidekoululla vuonna 2017<\/p>\n\n\n\n<p class=\"has-text-align-center has-very-dark-gray-color has-text-color\" style=\"font-size:15px\">                                                                        Meri-Pauliina on valmistunut Aalto-yliopistosta taiteen maisteriksi muotoilun osastolta vuonna 2006. Sit\u00e4 ennen h\u00e4n on opiskellut Italian Kuvataideakatemiassa grafiikkaa ja taidemaalausta. Meri-Pauliina hallitsee useammat tekniikat ja niit\u00e4 yhdist\u00e4m\u00e4ll\u00e4 keksii mit\u00e4 hienoimpia ja mielenkiintoisia aiheita ja t\u00f6it\u00e4 tunneille! Meri-Pauliina on my\u00f6s itse aktiivinen taiteen tekij\u00e4 ja h\u00e4nen t\u00f6it\u00e4\u00e4n p\u00e4\u00e4see ihastelemaan n\u00e4yttelyiss\u00e4. <\/p>\n\n\n\n<figure class=\"wp-block-image size-large\"><img loading=\"lazy\" decoding=\"async\" width=\"750\" height=\"937\" src=\"http:\/\/turunkuvataidekoulu.fi\/v5\/wp-content\/uploads\/2022\/03\/4E185E6E-D8F6-4F30-91BC-F0A24A41FEAB-1.jpeg\" alt=\"\" class=\"wp-image-639\" srcset=\"https:\/\/turunkuvataidekoulu.fi\/v5\/wp-content\/uploads\/2022\/03\/4E185E6E-D8F6-4F30-91BC-F0A24A41FEAB-1.jpeg 750w, https:\/\/turunkuvataidekoulu.fi\/v5\/wp-content\/uploads\/2022\/03\/4E185E6E-D8F6-4F30-91BC-F0A24A41FEAB-1-240x300.jpeg 240w\" sizes=\"auto, (max-width: 750px) 100vw, 750px\" \/><\/figure>\n\n\n\n<p class=\"has-text-align-center has-very-dark-gray-color has-text-color\" style=\"font-size:15px\"><strong>Alina MacDonald<\/strong> <\/p>\n\n\n\n<p class=\"has-text-align-center has-very-dark-gray-color has-text-color\" style=\"font-size:15px\">                                                                                                     Aloittanut Kuvataidekoululla vuonna 2017                                                                                                 <\/p>\n\n\n\n<p class=\"has-text-align-center has-black-color has-text-color\" style=\"font-size:15px\"> Alina toimii koulun toiminnanjohtajana ja ohjaa vaihtelevasti kuvataidetunteja. Alina on valmistunut kuvataiteilijaksi vuonna 2020 ja sen j\u00e4lkeen keskittynyt koulun toiminnan kehitt\u00e4miseen sek\u00e4 hankkimaan kokemusta kuvataiteen opetuksesta peruskouluissa. Alinan vahvuudet ovat piirt\u00e4minen sek\u00e4 maalaaminen ja n\u00e4it\u00e4 ryhmi\u00e4 h\u00e4n enimm\u00e4kseen ohjaa koululla. <\/p>\n\n\n\n<p><\/p>\n\n\n\n<figure class=\"wp-block-image size-large\"><img loading=\"lazy\" decoding=\"async\" width=\"1024\" height=\"953\" src=\"https:\/\/turunkuvataidekoulu.fi\/v5\/wp-content\/uploads\/2025\/06\/97982503-4612-4f80-acdf-c4a98b799bd1-1-1024x953.jpg\" alt=\"\" class=\"wp-image-1430\" srcset=\"https:\/\/turunkuvataidekoulu.fi\/v5\/wp-content\/uploads\/2025\/06\/97982503-4612-4f80-acdf-c4a98b799bd1-1-1024x953.jpg 1024w, https:\/\/turunkuvataidekoulu.fi\/v5\/wp-content\/uploads\/2025\/06\/97982503-4612-4f80-acdf-c4a98b799bd1-1-300x279.jpg 300w, https:\/\/turunkuvataidekoulu.fi\/v5\/wp-content\/uploads\/2025\/06\/97982503-4612-4f80-acdf-c4a98b799bd1-1-768x715.jpg 768w, https:\/\/turunkuvataidekoulu.fi\/v5\/wp-content\/uploads\/2025\/06\/97982503-4612-4f80-acdf-c4a98b799bd1-1-1160x1080.jpg 1160w, https:\/\/turunkuvataidekoulu.fi\/v5\/wp-content\/uploads\/2025\/06\/97982503-4612-4f80-acdf-c4a98b799bd1-1.jpg 1331w\" sizes=\"auto, (max-width: 1024px) 100vw, 1024px\" \/><\/figure>\n\n\n\n<p class=\"has-text-align-center has-very-dark-gray-color has-text-color\" style=\"font-size:15px\"><strong>Katriina Kivinen<\/strong><\/p>\n\n\n\n<p class=\"has-text-align-center has-black-color has-text-color\" style=\"font-size:15px\">Aloittanut Kuvataidekoululla vuonna 2023<\/p>\n\n\n\n<p class=\"has-black-color has-text-color\" style=\"font-size:15px\">Katriina Kivinen on taiteilija, joka on opettanut lapsia ja aikuisia kuvataideohjaajana Tampereella ja nyt Turussa. H\u00e4n on opiskellut taidetta monessa eri taidekouluissa ja AMK:ssa. Opettajana Katriina haluaa tukea erityisesti oppilaiden ilmaisun rohkeutta ja teknist\u00e4 osaamista. Katriinan omaa taidemaageilua voi seurata osoitteessa&nbsp;<a href=\"https:\/\/kkatriina.wordpress.com\/\">https:\/\/kkatriina.wordpress.com\/<\/a><\/p>\n\n\n\n<p><\/p>\n\n\n\n<figure class=\"wp-block-image size-large\"><img loading=\"lazy\" decoding=\"async\" width=\"724\" height=\"1024\" src=\"https:\/\/turunkuvataidekoulu.fi\/v5\/wp-content\/uploads\/2025\/06\/image0-724x1024.png\" alt=\"\" class=\"wp-image-1427\" srcset=\"https:\/\/turunkuvataidekoulu.fi\/v5\/wp-content\/uploads\/2025\/06\/image0-724x1024.png 724w, https:\/\/turunkuvataidekoulu.fi\/v5\/wp-content\/uploads\/2025\/06\/image0-212x300.png 212w, https:\/\/turunkuvataidekoulu.fi\/v5\/wp-content\/uploads\/2025\/06\/image0-768x1086.png 768w, https:\/\/turunkuvataidekoulu.fi\/v5\/wp-content\/uploads\/2025\/06\/image0-1086x1536.png 1086w, https:\/\/turunkuvataidekoulu.fi\/v5\/wp-content\/uploads\/2025\/06\/image0-1448x2048.png 1448w, https:\/\/turunkuvataidekoulu.fi\/v5\/wp-content\/uploads\/2025\/06\/image0-1024x1448.png 1024w, https:\/\/turunkuvataidekoulu.fi\/v5\/wp-content\/uploads\/2025\/06\/image0-764x1080.png 764w\" sizes=\"auto, (max-width: 724px) 100vw, 724px\" \/><\/figure>\n\n\n\n<p class=\"has-text-align-center has-black-color has-text-color\" style=\"font-size:15px\"><strong>Katja Ozhigina<\/strong><\/p>\n\n\n\n<p class=\"has-black-color has-text-color\" style=\"font-size:15px\">Katja liittyi joukkoomme vuonna 2024. H\u00e4n valmistui Pietarin yliopistosta arkkitehdiksi vuonna 2010 ja on opettanut Pietarissa kuvataidekoulussa. H\u00e4nen vahvuuksiaan ovat piirt\u00e4minen ja erilaisten luovien tekniikoiden kokeileminen.<\/p>\n\n\n\n<p><\/p>\n\n\n\n<p><\/p>\n\n\n\n<p class=\"has-text-align-center has-very-dark-gray-color has-text-color\" style=\"font-size:15px\"><strong>Tuuli Sund\u00e9n  <\/strong><\/p>\n\n\n\n<p class=\"has-text-align-center has-very-dark-gray-color has-text-color\" style=\"font-size:15px\">Aloittanut Kuvataidekoululla vuonna 2020 <\/p>\n\n\n\n<p class=\"has-text-align-center has-very-dark-gray-color has-text-color\"><\/p>\n","protected":false},"excerpt":{"rendered":"<p>Turun Kuvataidekoulun syd\u00e4n on oppilaiden lis\u00e4ksi sen opettajissa. He ovat omistautuneita ammattilaisia, jotka ovat olleet koulun toiminnassa mukana jo l\u00e4hes vuosikymmenen. Kuvataidekoulun opettajat ovat korkeasti koulutettuja taiteen ja pedagogiikan asiantuntijoita, joilla on vahva ammatti-identiteetti ja syv\u00e4 ymm\u00e4rrys lapsen ja nuoren kasvusta taiteen kautta. Heid\u00e4n osaamisensa on monipuolista, sek\u00e4 toisiaan t\u00e4ydent\u00e4v\u00e4\u00e4 ja jokainen tuo yhteiseen ty\u00f6h\u00f6n&hellip; <br \/> <a class=\"read-more\" href=\"https:\/\/turunkuvataidekoulu.fi\/v5\/miksi-meidan-kuvataidekoulu\/henkilokunta\/\">Read more<\/a><\/p>\n","protected":false},"author":5,"featured_media":1451,"parent":1478,"menu_order":0,"comment_status":"closed","ping_status":"closed","template":"","meta":{"_monsterinsights_skip_tracking":false,"_monsterinsights_sitenote_active":false,"_monsterinsights_sitenote_note":"","_monsterinsights_sitenote_category":0,"footnotes":""},"class_list":["post-623","page","type-page","status-publish","has-post-thumbnail","hentry"],"_links":{"self":[{"href":"https:\/\/turunkuvataidekoulu.fi\/v5\/wp-json\/wp\/v2\/pages\/623","targetHints":{"allow":["GET"]}}],"collection":[{"href":"https:\/\/turunkuvataidekoulu.fi\/v5\/wp-json\/wp\/v2\/pages"}],"about":[{"href":"https:\/\/turunkuvataidekoulu.fi\/v5\/wp-json\/wp\/v2\/types\/page"}],"author":[{"embeddable":true,"href":"https:\/\/turunkuvataidekoulu.fi\/v5\/wp-json\/wp\/v2\/users\/5"}],"replies":[{"embeddable":true,"href":"https:\/\/turunkuvataidekoulu.fi\/v5\/wp-json\/wp\/v2\/comments?post=623"}],"version-history":[{"count":39,"href":"https:\/\/turunkuvataidekoulu.fi\/v5\/wp-json\/wp\/v2\/pages\/623\/revisions"}],"predecessor-version":[{"id":2235,"href":"https:\/\/turunkuvataidekoulu.fi\/v5\/wp-json\/wp\/v2\/pages\/623\/revisions\/2235"}],"up":[{"embeddable":true,"href":"https:\/\/turunkuvataidekoulu.fi\/v5\/wp-json\/wp\/v2\/pages\/1478"}],"wp:featuredmedia":[{"embeddable":true,"href":"https:\/\/turunkuvataidekoulu.fi\/v5\/wp-json\/wp\/v2\/media\/1451"}],"wp:attachment":[{"href":"https:\/\/turunkuvataidekoulu.fi\/v5\/wp-json\/wp\/v2\/media?parent=623"}],"curies":[{"name":"wp","href":"https:\/\/api.w.org\/{rel}","templated":true}]}}