{"id":2031,"date":"2025-10-20T15:55:59","date_gmt":"2025-10-20T15:55:59","guid":{"rendered":"https:\/\/turunkuvataidekoulu.fi\/v5\/?page_id=2031"},"modified":"2025-10-20T16:05:04","modified_gmt":"2025-10-20T16:05:04","slug":"galleria-kulma-2","status":"publish","type":"page","link":"https:\/\/turunkuvataidekoulu.fi\/v5\/galleria-kulma-2\/","title":{"rendered":"Galleria Kulma"},"content":{"rendered":"\n<figure class=\"wp-block-gallery has-nested-images columns-default is-cropped wp-block-gallery-1 is-layout-flex wp-block-gallery-is-layout-flex\">\n<figure class=\"wp-block-image size-large\"><img loading=\"lazy\" decoding=\"async\" width=\"683\" height=\"1024\" data-id=\"1832\" src=\"https:\/\/turunkuvataidekoulu.fi\/v5\/wp-content\/uploads\/2025\/10\/IMG_6444-683x1024.jpeg\" alt=\"\" class=\"wp-image-1832\" srcset=\"https:\/\/turunkuvataidekoulu.fi\/v5\/wp-content\/uploads\/2025\/10\/IMG_6444-683x1024.jpeg 683w, https:\/\/turunkuvataidekoulu.fi\/v5\/wp-content\/uploads\/2025\/10\/IMG_6444-200x300.jpeg 200w, https:\/\/turunkuvataidekoulu.fi\/v5\/wp-content\/uploads\/2025\/10\/IMG_6444-768x1152.jpeg 768w, https:\/\/turunkuvataidekoulu.fi\/v5\/wp-content\/uploads\/2025\/10\/IMG_6444-1024x1536.jpeg 1024w, https:\/\/turunkuvataidekoulu.fi\/v5\/wp-content\/uploads\/2025\/10\/IMG_6444-1365x2048.jpeg 1365w, https:\/\/turunkuvataidekoulu.fi\/v5\/wp-content\/uploads\/2025\/10\/IMG_6444-720x1080.jpeg 720w, https:\/\/turunkuvataidekoulu.fi\/v5\/wp-content\/uploads\/2025\/10\/IMG_6444-scaled.jpeg 1707w\" sizes=\"auto, (max-width: 683px) 100vw, 683px\" \/><\/figure>\n\n\n\n<figure class=\"wp-block-image size-large\"><img loading=\"lazy\" decoding=\"async\" width=\"683\" height=\"1024\" data-id=\"1831\" src=\"https:\/\/turunkuvataidekoulu.fi\/v5\/wp-content\/uploads\/2025\/10\/IMG_6442-683x1024.jpeg\" alt=\"\" class=\"wp-image-1831\" srcset=\"https:\/\/turunkuvataidekoulu.fi\/v5\/wp-content\/uploads\/2025\/10\/IMG_6442-683x1024.jpeg 683w, https:\/\/turunkuvataidekoulu.fi\/v5\/wp-content\/uploads\/2025\/10\/IMG_6442-200x300.jpeg 200w, https:\/\/turunkuvataidekoulu.fi\/v5\/wp-content\/uploads\/2025\/10\/IMG_6442-768x1152.jpeg 768w, https:\/\/turunkuvataidekoulu.fi\/v5\/wp-content\/uploads\/2025\/10\/IMG_6442-1024x1536.jpeg 1024w, https:\/\/turunkuvataidekoulu.fi\/v5\/wp-content\/uploads\/2025\/10\/IMG_6442-1366x2048.jpeg 1366w, https:\/\/turunkuvataidekoulu.fi\/v5\/wp-content\/uploads\/2025\/10\/IMG_6442-720x1080.jpeg 720w, https:\/\/turunkuvataidekoulu.fi\/v5\/wp-content\/uploads\/2025\/10\/IMG_6442-scaled.jpeg 1707w\" sizes=\"auto, (max-width: 683px) 100vw, 683px\" \/><\/figure>\n\n\n\n<figure class=\"wp-block-image size-large\"><img loading=\"lazy\" decoding=\"async\" width=\"1024\" height=\"682\" data-id=\"1456\" src=\"https:\/\/turunkuvataidekoulu.fi\/v5\/wp-content\/uploads\/2025\/07\/f023c520-b857-4d35-9542-e7ca0b7dd335-1024x682.jpg\" alt=\"\" class=\"wp-image-1456\" srcset=\"https:\/\/turunkuvataidekoulu.fi\/v5\/wp-content\/uploads\/2025\/07\/f023c520-b857-4d35-9542-e7ca0b7dd335-1024x682.jpg 1024w, https:\/\/turunkuvataidekoulu.fi\/v5\/wp-content\/uploads\/2025\/07\/f023c520-b857-4d35-9542-e7ca0b7dd335-300x200.jpg 300w, https:\/\/turunkuvataidekoulu.fi\/v5\/wp-content\/uploads\/2025\/07\/f023c520-b857-4d35-9542-e7ca0b7dd335-768x512.jpg 768w, https:\/\/turunkuvataidekoulu.fi\/v5\/wp-content\/uploads\/2025\/07\/f023c520-b857-4d35-9542-e7ca0b7dd335-1536x1023.jpg 1536w, https:\/\/turunkuvataidekoulu.fi\/v5\/wp-content\/uploads\/2025\/07\/f023c520-b857-4d35-9542-e7ca0b7dd335.jpg 1600w\" sizes=\"auto, (max-width: 1024px) 100vw, 1024px\" \/><\/figure>\n\n\n\n<figure class=\"wp-block-image size-large\"><img loading=\"lazy\" decoding=\"async\" width=\"987\" height=\"1024\" data-id=\"1455\" src=\"https:\/\/turunkuvataidekoulu.fi\/v5\/wp-content\/uploads\/2025\/07\/c083b948-e523-4b0e-9223-c64ea636e99a-e1758015571821-987x1024.jpg\" alt=\"\" class=\"wp-image-1455\" srcset=\"https:\/\/turunkuvataidekoulu.fi\/v5\/wp-content\/uploads\/2025\/07\/c083b948-e523-4b0e-9223-c64ea636e99a-e1758015571821-987x1024.jpg 987w, https:\/\/turunkuvataidekoulu.fi\/v5\/wp-content\/uploads\/2025\/07\/c083b948-e523-4b0e-9223-c64ea636e99a-e1758015571821-289x300.jpg 289w, https:\/\/turunkuvataidekoulu.fi\/v5\/wp-content\/uploads\/2025\/07\/c083b948-e523-4b0e-9223-c64ea636e99a-e1758015571821-768x797.jpg 768w, https:\/\/turunkuvataidekoulu.fi\/v5\/wp-content\/uploads\/2025\/07\/c083b948-e523-4b0e-9223-c64ea636e99a-e1758015571821-1024x1062.jpg 1024w, https:\/\/turunkuvataidekoulu.fi\/v5\/wp-content\/uploads\/2025\/07\/c083b948-e523-4b0e-9223-c64ea636e99a-e1758015571821-1041x1080.jpg 1041w, https:\/\/turunkuvataidekoulu.fi\/v5\/wp-content\/uploads\/2025\/07\/c083b948-e523-4b0e-9223-c64ea636e99a-e1758015571821.jpg 1200w\" sizes=\"auto, (max-width: 987px) 100vw, 987px\" \/><figcaption class=\"wp-element-caption\">Galleria Kulma<\/figcaption><\/figure>\n\n\n\n<figure class=\"wp-block-image size-large\"><img loading=\"lazy\" decoding=\"async\" width=\"682\" height=\"1024\" data-id=\"1454\" src=\"https:\/\/turunkuvataidekoulu.fi\/v5\/wp-content\/uploads\/2025\/07\/bb79d5c9-3f10-4f2d-bd39-9d8be6dc0c98-682x1024.jpg\" alt=\"\" class=\"wp-image-1454\" srcset=\"https:\/\/turunkuvataidekoulu.fi\/v5\/wp-content\/uploads\/2025\/07\/bb79d5c9-3f10-4f2d-bd39-9d8be6dc0c98-682x1024.jpg 682w, https:\/\/turunkuvataidekoulu.fi\/v5\/wp-content\/uploads\/2025\/07\/bb79d5c9-3f10-4f2d-bd39-9d8be6dc0c98-200x300.jpg 200w, https:\/\/turunkuvataidekoulu.fi\/v5\/wp-content\/uploads\/2025\/07\/bb79d5c9-3f10-4f2d-bd39-9d8be6dc0c98-768x1153.jpg 768w, https:\/\/turunkuvataidekoulu.fi\/v5\/wp-content\/uploads\/2025\/07\/bb79d5c9-3f10-4f2d-bd39-9d8be6dc0c98-1023x1536.jpg 1023w, https:\/\/turunkuvataidekoulu.fi\/v5\/wp-content\/uploads\/2025\/07\/bb79d5c9-3f10-4f2d-bd39-9d8be6dc0c98-1024x1537.jpg 1024w, https:\/\/turunkuvataidekoulu.fi\/v5\/wp-content\/uploads\/2025\/07\/bb79d5c9-3f10-4f2d-bd39-9d8be6dc0c98-720x1080.jpg 720w, https:\/\/turunkuvataidekoulu.fi\/v5\/wp-content\/uploads\/2025\/07\/bb79d5c9-3f10-4f2d-bd39-9d8be6dc0c98.jpg 1066w\" sizes=\"auto, (max-width: 682px) 100vw, 682px\" \/><\/figure>\n\n\n\n<figure class=\"wp-block-image size-large\"><img loading=\"lazy\" decoding=\"async\" width=\"682\" height=\"1024\" data-id=\"1443\" src=\"https:\/\/turunkuvataidekoulu.fi\/v5\/wp-content\/uploads\/2025\/07\/4ef198a4-cddf-4572-aa25-a73693299e0b-682x1024.jpg\" alt=\"\" class=\"wp-image-1443\" srcset=\"https:\/\/turunkuvataidekoulu.fi\/v5\/wp-content\/uploads\/2025\/07\/4ef198a4-cddf-4572-aa25-a73693299e0b-682x1024.jpg 682w, https:\/\/turunkuvataidekoulu.fi\/v5\/wp-content\/uploads\/2025\/07\/4ef198a4-cddf-4572-aa25-a73693299e0b-200x300.jpg 200w, https:\/\/turunkuvataidekoulu.fi\/v5\/wp-content\/uploads\/2025\/07\/4ef198a4-cddf-4572-aa25-a73693299e0b-768x1153.jpg 768w, https:\/\/turunkuvataidekoulu.fi\/v5\/wp-content\/uploads\/2025\/07\/4ef198a4-cddf-4572-aa25-a73693299e0b-1023x1536.jpg 1023w, https:\/\/turunkuvataidekoulu.fi\/v5\/wp-content\/uploads\/2025\/07\/4ef198a4-cddf-4572-aa25-a73693299e0b-1024x1537.jpg 1024w, https:\/\/turunkuvataidekoulu.fi\/v5\/wp-content\/uploads\/2025\/07\/4ef198a4-cddf-4572-aa25-a73693299e0b-720x1080.jpg 720w, https:\/\/turunkuvataidekoulu.fi\/v5\/wp-content\/uploads\/2025\/07\/4ef198a4-cddf-4572-aa25-a73693299e0b.jpg 1066w\" sizes=\"auto, (max-width: 682px) 100vw, 682px\" \/><\/figure>\n\n\n\n<figure class=\"wp-block-image size-large\"><img loading=\"lazy\" decoding=\"async\" width=\"1024\" height=\"682\" data-id=\"1447\" src=\"https:\/\/turunkuvataidekoulu.fi\/v5\/wp-content\/uploads\/2025\/07\/61cd77ce-c117-4779-9600-3712d802b4d3-1-1024x682.jpg\" alt=\"\" class=\"wp-image-1447\" srcset=\"https:\/\/turunkuvataidekoulu.fi\/v5\/wp-content\/uploads\/2025\/07\/61cd77ce-c117-4779-9600-3712d802b4d3-1-1024x682.jpg 1024w, https:\/\/turunkuvataidekoulu.fi\/v5\/wp-content\/uploads\/2025\/07\/61cd77ce-c117-4779-9600-3712d802b4d3-1-300x200.jpg 300w, https:\/\/turunkuvataidekoulu.fi\/v5\/wp-content\/uploads\/2025\/07\/61cd77ce-c117-4779-9600-3712d802b4d3-1-768x512.jpg 768w, https:\/\/turunkuvataidekoulu.fi\/v5\/wp-content\/uploads\/2025\/07\/61cd77ce-c117-4779-9600-3712d802b4d3-1-1536x1023.jpg 1536w, https:\/\/turunkuvataidekoulu.fi\/v5\/wp-content\/uploads\/2025\/07\/61cd77ce-c117-4779-9600-3712d802b4d3-1.jpg 1600w\" sizes=\"auto, (max-width: 1024px) 100vw, 1024px\" \/><\/figure>\n<\/figure>\n\n\n\n<p class=\"has-black-color has-text-color has-link-color wp-elements-6b6a43a756aba408c306d12b4a89566d\">Galleria Kulma on Turun Kuvataidekoulun oma galleriatila, jossa j\u00e4rjest\u00e4mme s\u00e4\u00e4nn\u00f6llisin v\u00e4liajoin oppilasn\u00e4yttelyit\u00e4. Nyt galleriassamme on my\u00f6s ulkopuolisten mahdollista pit\u00e4\u00e4 n\u00e4yttelyit\u00e4.<\/p>\n\n\n\n<p class=\"has-black-color has-text-color has-link-color wp-elements-673a099d9d6c62a500c244af05f10ca3\">Tila sijaitsee Turun keskustassa (Tuureporinkatu 17C) keskeisell\u00e4 ja vilkkaalla paikalla, jossa ohikulkuliikennett\u00e4 on runsaasti. Tila on n. 73 m\u00b2 kokoinen ja siin\u00e4 on suuret n\u00e4yteikkunat kahteen suuntaan. Tilassa on runsaasti luonnonvaloa ja tasainen kattovalaistus. Ripustus tapahtuu ripustuskiskojen avulla.<\/p>\n\n\n\n<p class=\"has-black-color has-text-color has-link-color wp-elements-c3abcad6b0a07d1267e0906d63b2e94f\">Haemme nyt jatkuvalla haulla taiteilijoita, taiteilijaryhmi\u00e4 ja luovia tekij\u00f6it\u00e4 pit\u00e4m\u00e4\u00e4n n\u00e4yttelyit\u00e4 syksyll\u00e4 2025 ja kev\u00e4\u00e4ll\u00e4 2026. N\u00e4yttelyn voi j\u00e4rjest\u00e4\u00e4 koko tilassa tai pelkk\u00e4n\u00e4 ikkunan\u00e4yttelyn\u00e4. Tilan yhteydess\u00e4 ei ole henkil\u00f6kuntaa tai valvontaa, mutta taiteilija voi halutessaan olla itse paikalla.&nbsp;<\/p>\n\n\n\n<p class=\"has-black-color has-text-color has-link-color wp-elements-7f270c2c34c6961cfc65aac6b29064b3\">N\u00e4yttely\u00e4 voi hakea 1-4 viikoksi kerralla. Kuvataidekoulu auttaa n\u00e4yttelyiden mainonnassa sosiaalisessa mediassa.<\/p>\n\n\n\n<p class=\"has-black-color has-text-color has-link-color wp-elements-cbaf8eed02f79933acdb9bcdc640431c\"><strong>Koko tila:<\/strong><strong><br><\/strong>\u2022 1 viikko: 200 \u20ac<br>\u2022 2 viikkoa: 250 \u20ac<br>\u2022 3 viikkoa: 350 \u20ac<br>\u2022 4 viikkoa: 450 \u20ac<\/p>\n\n\n\n<p class=\"has-black-color has-text-color has-link-color wp-elements-d221c76088218a39d3b300ef216cdabf\"><strong>Ikkunan\u00e4yttely:<\/strong><strong><br><\/strong>\u2022 1 viikko: 100 \u20ac<br>\u2022 2 viikkoa: 150 \u20ac<br>\u2022 4 viikkoa: 250 \u20ac<\/p>\n\n\n\n<h3 class=\"wp-block-heading has-black-color has-text-color has-link-color wp-elements-209a77d272d966143416b7192e53b817\">Hae mukaan l\u00e4hett\u00e4m\u00e4ll\u00e4:<\/h3>\n\n\n\n<ol class=\"wp-block-list\">\n<li class=\"has-black-color has-text-color has-link-color wp-elements-7afd76e4d82aa3575dd4e4696c37a3a8\">Lyhyt esittely itsest\u00e4si\/ryhm\u00e4st\u00e4, sek\u00e4 n\u00e4yttelysuunnitelma<\/li>\n\n\n\n<li class=\"has-black-color has-text-color has-link-color wp-elements-7ebe400db13aaf0b4d6f5b70dfe1bc33\">Teoskuvia \/ luonnoksia (3\u20135 kpl)<\/li>\n\n\n\n<li class=\"has-black-color has-text-color has-link-color wp-elements-c15e52a18c7fe8dcd817739fd43dc673\">Toivottu ajankohta ja n\u00e4yttelyn muoto (koko tila \/ ikkuna)<\/li>\n<\/ol>\n\n\n\n<p class=\"has-black-color has-text-color has-link-color wp-elements-e7df6d975840b6a13853f94daaedcb35\">Haku on toistaiseksi jatkuva, aloitamme n\u00e4yttelyiden pit\u00e4misen 1.9.2025 ja otamme hakemuksia vastaan 1.5.2026 asti. Kuvia galleriasta l\u00f6yd\u00e4t osoitteesta turunkuvataidekoulu.fi<\/p>\n\n\n\n<p class=\"has-black-color has-text-color has-link-color wp-elements-e572b7a3310e6d796cb78f175e604116\">L\u00e4het\u00e4 hakemus osoitteeseen:&nbsp;<strong>toimisto@turunkuvataidekoulu.fi<\/strong><\/p>\n\n\n\n<figure class=\"wp-block-image\"><img loading=\"lazy\" decoding=\"async\" width=\"1024\" height=\"1020\" src=\"https:\/\/turunkuvataidekoulu.fi\/v5\/wp-content\/uploads\/2025\/08\/Kuviskoulun-pohja-1024x1020.jpg\" alt=\"\" class=\"wp-image-1519\" srcset=\"https:\/\/turunkuvataidekoulu.fi\/v5\/wp-content\/uploads\/2025\/08\/Kuviskoulun-pohja-1024x1020.jpg 1024w, https:\/\/turunkuvataidekoulu.fi\/v5\/wp-content\/uploads\/2025\/08\/Kuviskoulun-pohja-300x300.jpg 300w, https:\/\/turunkuvataidekoulu.fi\/v5\/wp-content\/uploads\/2025\/08\/Kuviskoulun-pohja-150x150.jpg 150w, https:\/\/turunkuvataidekoulu.fi\/v5\/wp-content\/uploads\/2025\/08\/Kuviskoulun-pohja-768x765.jpg 768w, https:\/\/turunkuvataidekoulu.fi\/v5\/wp-content\/uploads\/2025\/08\/Kuviskoulun-pohja-1536x1530.jpg 1536w, https:\/\/turunkuvataidekoulu.fi\/v5\/wp-content\/uploads\/2025\/08\/Kuviskoulun-pohja-2048x2040.jpg 2048w, https:\/\/turunkuvataidekoulu.fi\/v5\/wp-content\/uploads\/2025\/08\/Kuviskoulun-pohja-1084x1080.jpg 1084w\" sizes=\"auto, (max-width: 1024px) 100vw, 1024px\" \/><\/figure>\n","protected":false},"excerpt":{"rendered":"<p>Galleria Kulma on Turun Kuvataidekoulun oma galleriatila, jossa j\u00e4rjest\u00e4mme s\u00e4\u00e4nn\u00f6llisin v\u00e4liajoin oppilasn\u00e4yttelyit\u00e4. Nyt galleriassamme on my\u00f6s ulkopuolisten mahdollista pit\u00e4\u00e4 n\u00e4yttelyit\u00e4. Tila sijaitsee Turun keskustassa (Tuureporinkatu 17C) keskeisell\u00e4 ja vilkkaalla paikalla, jossa ohikulkuliikennett\u00e4 on runsaasti. Tila on n. 73 m\u00b2 kokoinen ja siin\u00e4 on suuret n\u00e4yteikkunat kahteen suuntaan. Tilassa on runsaasti luonnonvaloa ja tasainen kattovalaistus. Ripustus&hellip; <br \/> <a class=\"read-more\" href=\"https:\/\/turunkuvataidekoulu.fi\/v5\/galleria-kulma-2\/\">Read more<\/a><\/p>\n","protected":false},"author":5,"featured_media":1569,"parent":0,"menu_order":0,"comment_status":"closed","ping_status":"closed","template":"","meta":{"_monsterinsights_skip_tracking":false,"_monsterinsights_sitenote_active":false,"_monsterinsights_sitenote_note":"","_monsterinsights_sitenote_category":0,"footnotes":""},"class_list":["post-2031","page","type-page","status-publish","has-post-thumbnail","hentry"],"_links":{"self":[{"href":"https:\/\/turunkuvataidekoulu.fi\/v5\/wp-json\/wp\/v2\/pages\/2031","targetHints":{"allow":["GET"]}}],"collection":[{"href":"https:\/\/turunkuvataidekoulu.fi\/v5\/wp-json\/wp\/v2\/pages"}],"about":[{"href":"https:\/\/turunkuvataidekoulu.fi\/v5\/wp-json\/wp\/v2\/types\/page"}],"author":[{"embeddable":true,"href":"https:\/\/turunkuvataidekoulu.fi\/v5\/wp-json\/wp\/v2\/users\/5"}],"replies":[{"embeddable":true,"href":"https:\/\/turunkuvataidekoulu.fi\/v5\/wp-json\/wp\/v2\/comments?post=2031"}],"version-history":[{"count":2,"href":"https:\/\/turunkuvataidekoulu.fi\/v5\/wp-json\/wp\/v2\/pages\/2031\/revisions"}],"predecessor-version":[{"id":2034,"href":"https:\/\/turunkuvataidekoulu.fi\/v5\/wp-json\/wp\/v2\/pages\/2031\/revisions\/2034"}],"wp:featuredmedia":[{"embeddable":true,"href":"https:\/\/turunkuvataidekoulu.fi\/v5\/wp-json\/wp\/v2\/media\/1569"}],"wp:attachment":[{"href":"https:\/\/turunkuvataidekoulu.fi\/v5\/wp-json\/wp\/v2\/media?parent=2031"}],"curies":[{"name":"wp","href":"https:\/\/api.w.org\/{rel}","templated":true}]}}