{"id":1478,"date":"2025-08-18T09:37:59","date_gmt":"2025-08-18T09:37:59","guid":{"rendered":"https:\/\/turunkuvataidekoulu.fi\/v5\/?page_id=1478"},"modified":"2026-01-12T13:54:11","modified_gmt":"2026-01-12T13:54:11","slug":"miksi-meidan-kuvataidekoulu","status":"publish","type":"page","link":"https:\/\/turunkuvataidekoulu.fi\/v5\/miksi-meidan-kuvataidekoulu\/","title":{"rendered":"Miksi meid\u00e4n kuvataidekoulu?"},"content":{"rendered":"\n<p class=\"has-black-color has-text-color has-link-color wp-elements-c57c907c6ce82e4911c20ff3601ef951\">Kuvataidekoululla ymm\u00e4rr\u00e4mme kuinka suuri merkitys taidekasvatuksella on oppilaan kasvulle ja kehitykselle. Opillaalle annetaan v\u00e4lineet onnistumiseen, sek\u00e4 tilaa, aikaa ja kannustusta. Taiteen tekeminen on enemm\u00e4n kuin teknisten taitojen opettelua \u2013 se on tapa hahmottaa maailmaa, tutkia tunteita ja ilmaista itse\u00e4\u00e4n. Kuvataide tarjoaa mahdollisuuden pys\u00e4hty\u00e4, keskitty\u00e4 ja l\u00f6yt\u00e4\u00e4 iloa oivaltamisesta, sek\u00e4 aikaa ilman \u00e4lylaitteita.<\/p>\n\n\n\n<p class=\"has-black-color has-text-color has-link-color wp-elements-5f802f8c5491d901ceae3dbb92928cea\">Taiteen harrastaminen tukee lasten ja nuorten hyvinvointia monin tavoin. Se vahvistaa itseluottamusta, kehitt\u00e4\u00e4 tunne- ja vuorovaikutustaitoja sek\u00e4 antaa v\u00e4lineit\u00e4 el\u00e4m\u00e4n ilojen ja haasteiden k\u00e4sittelyyn. Luova toiminta parantaa my\u00f6s oppimiskyky\u00e4 ja pitk\u00e4j\u00e4nteisyytt\u00e4 \u2013 taiteen kautta harjoitellaan keskittymist\u00e4, k\u00e4rsiv\u00e4llisyytt\u00e4 ja kyky\u00e4 n\u00e4hd\u00e4 asioita monesta n\u00e4k\u00f6kulmasta. Monissa tutkimuksissa on todettu, ett\u00e4 s\u00e4\u00e4nn\u00f6llinen taideharrastus voi lis\u00e4t\u00e4 osallisuuden kokemusta ja tukea mielenterveytt\u00e4 tarjoamalla turvallisen tavan ilmaista itse\u00e4.<\/p>\n\n\n\n<p class=\"has-black-color has-text-color has-link-color wp-elements-6a5725db4cec2939f6a3c5d6e2b1dd48\">Kuvataidekoulussa jokainen saa olla oma itsens\u00e4. Opetuksessa painottuu kannustava ja lempe\u00e4 ilmapiiri, jossa oppiminen tapahtuu kokeillen ja tutkien. T\u00e4rkeint\u00e4 ei ole lopputulos vaan prosessi \u2013 se, mit\u00e4 tapahtuu matkan varrella. Haluamme rohkaista oppilaitamme l\u00f6yt\u00e4m\u00e4\u00e4n oman \u00e4\u00e4nens\u00e4 ja n\u00e4k\u00f6kulmansa, tutustumaan erilaisiin materiaaleihin ja ilmaisutapoihin sek\u00e4 kokemaan taiteen tekemisen yhteis\u00f6llisyyden.<\/p>\n\n\n\n<p class=\"has-black-color has-text-color has-link-color wp-elements-7e37d05c14312928e1cd0f8f06772be8\">Kuvataidekoulun arvoja ovat uteliaisuus, avoimuus ja luottamus omaan luovaan voimaan. Meid\u00e4n teht\u00e4v\u00e4mme on tarjota turvallinen ja innostava ymp\u00e4rist\u00f6, jossa jokainen saa kasvaa omana itsen\u00e4\u00e4n \u2013 taiteen, mielikuvituksen ja yhdess\u00e4 tekemisen kautta.<\/p>\n\n\n\r\n<style>\r\n.testimonials-slideshow-wrapper {\r\n    width: 100%;\r\n    margin: 0 auto;\r\n}\r\n\r\n.testimonials-slider {\r\n    position: relative;\r\n}\r\n\r\n.testimonial-slide {\r\n    text-align: center;\r\n    padding: 40px 20px 0 20px;\r\n}\r\n\r\n.testimonial-content {\r\n    max-width: 800px;\r\n    margin: 0 auto;\r\n    display: flex;\r\n    flex-direction: column;\r\n    align-items: center;\r\n    justify-content: center;\r\n}\r\n\r\n.testimonial-text {\r\n    font-size: 1.2em;\r\n    line-height: 1.6;\r\n    margin: 0 0 1rem 0;\r\n    padding: 0;\r\n    border: none;\r\n    font-style: italic;\r\n    text-align: center;\r\n}\r\n\r\n.testimonial-author {\r\n    font-size: 1em;\r\n    font-weight: 600;\r\n    font-style: normal;\r\n    display: block;\r\n    margin-top: 0;\r\n}\r\n\r\n.testimonials-slider .slick-dots {\r\n    position: relative;\r\n    bottom: 0;\r\n    margin-top: 1rem;\r\n    text-align: center;\r\n}\r\n\r\n.testimonials-slider .slick-dots li {\r\n    display: inline-block;\r\n    margin: 0 5px;\r\n}\r\n\r\n.testimonials-slider .slick-dots li button {\r\n    width: 12px;\r\n    height: 12px;\r\n    border-radius: 50%;\r\n    border: 2px solid #03a9f4;\r\n    background: transparent;\r\n    font-size: 0;\r\n    padding: 0;\r\n    cursor: pointer;\r\n    transition: all 0.3s ease;\r\n}\r\n.slick-dots li.slick-active button::before,\r\n.slick-dots li button::before {\r\n    display: none;\r\n}\r\n\r\n.testimonials-slider .slick-dots li button:hover,\r\n.testimonials-slider .slick-dots li.slick-active button {\r\n    background: #03a9f4;\r\n    border-color: #03a9f4;\r\n}\r\n\r\n.testimonials-slider .slick-prev,\r\n.testimonials-slider .slick-next {\r\n    display: none !important;\r\n}\r\n\r\n.testimonials-slider blockquote p {\r\n    width: 100%;\r\n    max-width: 710px;\r\n}\r\n.testimonials-slider blockquote::after {\r\n  left: -2rem;\r\n}\r\n@media (max-width: 768px) {\r\n    .testimonials-slider blockquote::after {\r\n        top: -1rem;\r\n        left: -0.5rem;\r\n    }\r\n}\r\n<\/style>\r\n\r\n<div class=\"testimonials-slideshow-wrapper\">\r\n    <div class=\"testimonials-slider\">\r\n                                    <div class=\"testimonial-slide\">\r\n                    <div class=\"testimonial-content\">\r\n                        <blockquote class=\"testimonial-text\">\r\n                            <p>Tykk\u00e4sin siit\u00e4 kun sai oikeasti ohjeistusta ja se edisti mielest\u00e4ni omaakin piirt\u00e4mist\u00e4.<\/p>\n                        <\/blockquote>\r\n                                                    <cite class=\"testimonial-author\">\r\n                                - Teemaopintojen oppilas, 13v.                            <\/cite>\r\n                                            <\/div>\r\n                <\/div>\r\n                                                <div class=\"testimonial-slide\">\r\n                    <div class=\"testimonial-content\">\r\n                        <blockquote class=\"testimonial-text\">\r\n                            <p>On mukava saada henkil\u00f6kohtaista palautetta.<\/p>\n                        <\/blockquote>\r\n                                                    <cite class=\"testimonial-author\">\r\n                                - Teemaopintojen oppilas, 12v.                            <\/cite>\r\n                                            <\/div>\r\n                <\/div>\r\n                                                <div class=\"testimonial-slide\">\r\n                    <div class=\"testimonial-content\">\r\n                        <blockquote class=\"testimonial-text\">\r\n                            <p>Hienoa aloittaa aikuisi\u00e4ll\u00e4 uusi harrastus asiantuntevan opettajan opeissa.<\/p>\n                        <\/blockquote>\r\n                                                    <cite class=\"testimonial-author\">\r\n                                - Ateljee -ryhm\u00e4n oppilas                            <\/cite>\r\n                                            <\/div>\r\n                <\/div>\r\n                                                <div class=\"testimonial-slide\">\r\n                    <div class=\"testimonial-content\">\r\n                        <blockquote class=\"testimonial-text\">\r\n                            <p>Koulussa on aina hyv\u00e4 ilmapiiri ja ihanat ty\u00f6ntekij\u00e4t.<\/p>\n                        <\/blockquote>\r\n                                                    <cite class=\"testimonial-author\">\r\n                                - Lapsi ja aikuinen -ryhm\u00e4n oppilaan vanhempi                            <\/cite>\r\n                                            <\/div>\r\n                <\/div>\r\n                                                <div class=\"testimonial-slide\">\r\n                    <div class=\"testimonial-content\">\r\n                        <blockquote class=\"testimonial-text\">\r\n                            <p>Joooo! Viikon paras p\u00e4iv\u00e4!<\/p>\n                        <\/blockquote>\r\n                                                    <cite class=\"testimonial-author\">\r\n                                - Kommentoi 5-vuotias kun kysyin haluaisiko jatkaa lapsi ja aikuinen -ryhm\u00e4ss\u00e4                            <\/cite>\r\n                                            <\/div>\r\n                <\/div>\r\n                                                <div class=\"testimonial-slide\">\r\n                    <div class=\"testimonial-content\">\r\n                        <blockquote class=\"testimonial-text\">\r\n                            <p>Aivan ihanaa on ollut pys\u00e4hty\u00e4 yhdess\u00e4 taiteilemaan ja oppimaan uusia taitoja laadukkaassa, lempe\u00e4ss\u00e4 ja turvallisessa opetuksessa.<\/p>\n                        <\/blockquote>\r\n                                                    <cite class=\"testimonial-author\">\r\n                                - Lapsi ja aikuinen -ryhm\u00e4n oppilaan vanhempi                            <\/cite>\r\n                                            <\/div>\r\n                <\/div>\r\n                        <\/div>\r\n<\/div>\r\n\r\n<script type=\"text\/javascript\">\r\njQuery(document).ready(function($) {\r\n    $('.testimonials-slider').slick({\r\n        dots: true,\r\n        infinite: true,\r\n        speed: 500,\r\n        fade: true,\r\n        cssEase: 'linear',\r\n        autoplay: false,\r\n        autoplaySpeed: 5000,\r\n        arrows: false\r\n    });\r\n});\r\n<\/script>\r\n\r\n\n","protected":false},"excerpt":{"rendered":"<p>Kuvataidekoululla ymm\u00e4rr\u00e4mme kuinka suuri merkitys taidekasvatuksella on oppilaan kasvulle ja kehitykselle. Opillaalle annetaan v\u00e4lineet onnistumiseen, sek\u00e4 tilaa, aikaa ja kannustusta. Taiteen tekeminen on enemm\u00e4n kuin teknisten taitojen opettelua \u2013 se on tapa hahmottaa maailmaa, tutkia tunteita ja ilmaista itse\u00e4\u00e4n. Kuvataide tarjoaa mahdollisuuden pys\u00e4hty\u00e4, keskitty\u00e4 ja l\u00f6yt\u00e4\u00e4 iloa oivaltamisesta, sek\u00e4 aikaa ilman \u00e4lylaitteita. Taiteen harrastaminen tukee&hellip; <br \/> <a class=\"read-more\" href=\"https:\/\/turunkuvataidekoulu.fi\/v5\/?post_type=testimoniaalit&#038;p=2147\">Read more<\/a><\/p>\n","protected":false},"author":5,"featured_media":1451,"parent":0,"menu_order":0,"comment_status":"closed","ping_status":"closed","template":"","meta":{"_monsterinsights_skip_tracking":false,"_monsterinsights_sitenote_active":false,"_monsterinsights_sitenote_note":"","_monsterinsights_sitenote_category":0,"footnotes":""},"class_list":["post-1478","page","type-page","status-publish","has-post-thumbnail","hentry"],"_links":{"self":[{"href":"https:\/\/turunkuvataidekoulu.fi\/v5\/wp-json\/wp\/v2\/pages\/1478","targetHints":{"allow":["GET"]}}],"collection":[{"href":"https:\/\/turunkuvataidekoulu.fi\/v5\/wp-json\/wp\/v2\/pages"}],"about":[{"href":"https:\/\/turunkuvataidekoulu.fi\/v5\/wp-json\/wp\/v2\/types\/page"}],"author":[{"embeddable":true,"href":"https:\/\/turunkuvataidekoulu.fi\/v5\/wp-json\/wp\/v2\/users\/5"}],"replies":[{"embeddable":true,"href":"https:\/\/turunkuvataidekoulu.fi\/v5\/wp-json\/wp\/v2\/comments?post=1478"}],"version-history":[{"count":3,"href":"https:\/\/turunkuvataidekoulu.fi\/v5\/wp-json\/wp\/v2\/pages\/1478\/revisions"}],"predecessor-version":[{"id":2145,"href":"https:\/\/turunkuvataidekoulu.fi\/v5\/wp-json\/wp\/v2\/pages\/1478\/revisions\/2145"}],"wp:featuredmedia":[{"embeddable":true,"href":"https:\/\/turunkuvataidekoulu.fi\/v5\/wp-json\/wp\/v2\/media\/1451"}],"wp:attachment":[{"href":"https:\/\/turunkuvataidekoulu.fi\/v5\/wp-json\/wp\/v2\/media?parent=1478"}],"curies":[{"name":"wp","href":"https:\/\/api.w.org\/{rel}","templated":true}]}}