{"id":140,"date":"2020-03-05T14:44:14","date_gmt":"2020-03-05T14:44:14","guid":{"rendered":"http:\/\/turunkuvataidekoulu.fi\/v5\/?page_id=140"},"modified":"2025-09-02T08:06:45","modified_gmt":"2025-09-02T08:06:45","slug":"erikoistilaisuudet","status":"publish","type":"page","link":"https:\/\/turunkuvataidekoulu.fi\/v5\/erikoistilaisuudet\/","title":{"rendered":"Yksityistilaisuudet"},"content":{"rendered":"\n<font color=\"#00000\">\n<p><strong>Kuvataidekoululla voi j\u00e4rjest\u00e4\u00e4 juhlia!<\/strong><\/p>\n\n\n\n<p><\/p>\n\n\n\n<p><strong>J\u00e4rjest\u00e4mme juhlia, virkistysp\u00e4ivi\u00e4 ja kursseja teid\u00e4n tarpeen mukaan. Niit\u00e4 voi tiedustella tarkemmin: toimisto@turunkuvataidekoulu.fi tai puh. 041 458 4889<\/strong><\/p>\n\n\n\n<p>________________________________________________________________________<\/p>\n\n\n\n<p class=\"has-black-color has-text-color has-link-color wp-elements-b893de3d513ded48a800bd252dd84f64\"><strong>Ty\u00f6porukalle taidetta ja yhdess\u00e4oloa<\/strong>?<br>Kuvataidekoulun ty\u00f6pajassa p\u00e4\u00e4sette kokeilemaan taidetta rennossa ja inspiroivassa ymp\u00e4rist\u00f6ss\u00e4. Ty\u00f6skentelyn aikana voi synty\u00e4 yhteinen teos ty\u00f6paikan sein\u00e4lle tai jokainen voi toteuttaa oman pienen taideteoksensa.<\/p>\n\n\n\n<p class=\"has-black-color has-text-color has-link-color wp-elements-7a182f58e52f71d44d97d93dbb4e570b\">Tilamme soveltuvat mukavasti sek\u00e4 pienemmille ett\u00e4 isommille ryhmille. Voitte tuoda mukananne omat juomat ja tarjottavat tai tilata tarjoilut valmiiksi paikalle. K\u00e4ytett\u00e4viss\u00e4 on my\u00f6s pieni keitti\u00f6.<\/p>\n\n\n\n<p class=\"has-black-color has-text-color has-link-color wp-elements-0a3b447e113491185d1ebda8b4b6859a\">Taidety\u00f6pajaa ei tarvitse l\u00e4hesty\u00e4 vakavasti tai taidoilla mitaten \u2013 t\u00e4rkeint\u00e4 on viihty\u00e4 yhdess\u00e4, kokeilla uutta ja l\u00f6yt\u00e4\u00e4 ehk\u00e4 yll\u00e4tt\u00e4vi\u00e4kin puolia ty\u00f6kavereista luovan tekemisen kautta.<\/p>\n\n\n\n<p><\/p>\n\n\n\n<p><strong>Polttarit<\/strong>, <strong>vauvajuhlat, lasten tai aikuisten syntt\u00e4rit?<\/strong><\/p>\n\n\n\n<p>Tule j\u00e4rjest\u00e4m\u00e4\u00e4n juhlat Turun Kuvataidekoulun galleriaan! Juhlav\u00e4ki toteuttaa n\u00e4ytt\u00e4v\u00e4t taideteokset yhdess\u00e4 ammattitaitoisen ohjaajan opastuksessa. Valittavana on piirustus-, maalaus- tai savity\u00f6teemaiset juhlat. Jokainen vieraista saa oman teoksensa kotiin!\u00a0Otamme huomioon juhlien teeman tuntien suunnittelussa.<\/p>\n\n\n\n<p>Hinta alk. 250\u20ac. Hinta sis\u00e4lt\u00e4\u00e4 10 henkil\u00f6n ohjauksen sek\u00e4 materiaalit. Lis\u00e4vieras 10\u20ac \/ juhlavieras. Tarjoilusta ja muusta ohjelmasta sovitaan Kuvataidekoulun kanssa erikseen.&nbsp;<\/p>\n\n\n\n<figure class=\"wp-block-image size-large\"><img loading=\"lazy\" decoding=\"async\" width=\"682\" height=\"960\" src=\"http:\/\/turunkuvataidekoulu.fi\/v5\/wp-content\/uploads\/2020\/04\/paavo.4v..jpg\" alt=\"\" class=\"wp-image-208\" srcset=\"https:\/\/turunkuvataidekoulu.fi\/v5\/wp-content\/uploads\/2020\/04\/paavo.4v..jpg 682w, https:\/\/turunkuvataidekoulu.fi\/v5\/wp-content\/uploads\/2020\/04\/paavo.4v.-213x300.jpg 213w\" sizes=\"auto, (max-width: 682px) 100vw, 682px\" \/><figcaption class=\"wp-element-caption\"><em>Paavo, 5v.<\/em><\/figcaption><\/figure>\n\n\n\n<p><\/p>\n","protected":false},"excerpt":{"rendered":"<p>Kuvataidekoululla voi j\u00e4rjest\u00e4\u00e4 juhlia! J\u00e4rjest\u00e4mme juhlia, virkistysp\u00e4ivi\u00e4 ja kursseja teid\u00e4n tarpeen mukaan. Niit\u00e4 voi tiedustella tarkemmin: toimisto@turunkuvataidekoulu.fi tai puh. 041 458 4889 ________________________________________________________________________ Ty\u00f6porukalle taidetta ja yhdess\u00e4oloa?Kuvataidekoulun ty\u00f6pajassa p\u00e4\u00e4sette kokeilemaan taidetta rennossa ja inspiroivassa ymp\u00e4rist\u00f6ss\u00e4. Ty\u00f6skentelyn aikana voi synty\u00e4 yhteinen teos ty\u00f6paikan sein\u00e4lle tai jokainen voi toteuttaa oman pienen taideteoksensa. Tilamme soveltuvat mukavasti sek\u00e4 pienemmille&hellip; <br \/> <a class=\"read-more\" href=\"https:\/\/turunkuvataidekoulu.fi\/v5\/erikoistilaisuudet\/\">Read more<\/a><\/p>\n","protected":false},"author":1,"featured_media":604,"parent":0,"menu_order":0,"comment_status":"closed","ping_status":"closed","template":"","meta":{"_monsterinsights_skip_tracking":false,"_monsterinsights_sitenote_active":false,"_monsterinsights_sitenote_note":"","_monsterinsights_sitenote_category":0,"footnotes":""},"class_list":["post-140","page","type-page","status-publish","has-post-thumbnail","hentry"],"_links":{"self":[{"href":"https:\/\/turunkuvataidekoulu.fi\/v5\/wp-json\/wp\/v2\/pages\/140","targetHints":{"allow":["GET"]}}],"collection":[{"href":"https:\/\/turunkuvataidekoulu.fi\/v5\/wp-json\/wp\/v2\/pages"}],"about":[{"href":"https:\/\/turunkuvataidekoulu.fi\/v5\/wp-json\/wp\/v2\/types\/page"}],"author":[{"embeddable":true,"href":"https:\/\/turunkuvataidekoulu.fi\/v5\/wp-json\/wp\/v2\/users\/1"}],"replies":[{"embeddable":true,"href":"https:\/\/turunkuvataidekoulu.fi\/v5\/wp-json\/wp\/v2\/comments?post=140"}],"version-history":[{"count":9,"href":"https:\/\/turunkuvataidekoulu.fi\/v5\/wp-json\/wp\/v2\/pages\/140\/revisions"}],"predecessor-version":[{"id":1523,"href":"https:\/\/turunkuvataidekoulu.fi\/v5\/wp-json\/wp\/v2\/pages\/140\/revisions\/1523"}],"wp:featuredmedia":[{"embeddable":true,"href":"https:\/\/turunkuvataidekoulu.fi\/v5\/wp-json\/wp\/v2\/media\/604"}],"wp:attachment":[{"href":"https:\/\/turunkuvataidekoulu.fi\/v5\/wp-json\/wp\/v2\/media?parent=140"}],"curies":[{"name":"wp","href":"https:\/\/api.w.org\/{rel}","templated":true}]}}